9
12
Convert -3036 (base 8) to base 4.
-120132
What is 4314 (base 8) in base 15?
a02
-402 (base 9) to base 15
-16b
Convert -123011 (base 4) to base 6.
-12005
Convert 600 (base 9) to base 7.
1263
-4551 (base 9) to base 16
-d27
Convert 16a (base 15) to base 8.
505
Convert 12203 (base 6) to base 13.
a89
18934 (base 10) to base 15
5924
-42a7 (base 15) to base 2
-11011100011011
Convert -1328 (base 10) to base 2.
-10100110000
100012 (base 4) to base 15
48a
Convert -225151 (base 6) to base 14.
-705d
15406 (base 9) to base 15
31c6
-3203323 (base 5) to base 13
-1b512
What is -46647 (base 11) in base 10?
-67327
1563 (base 9) to base 8
2247
What is -1bb (base 16) in base 7?
-1202
What is 266 (base 7) in base 3?
12102
43303 (base 6) to base 8
13467
444232 (base 5) to base 11
10772
2703 (base 12) to base 2
1000101110011
Convert 4131 (base 5) to base 15.
261
Convert 195a7 (base 11) to base 14.
9d70
Convert 917 (base 14) to base 5.
24120
a74 (base 11) to base 3
1202211
Convert 10e (base 15) to base 7.
461
What is -300412 (base 7) in base 2?
-1100010111000010
-12211 (base 3) to base 11
-133
Convert 1120 (base 16) to base 7.
15532
25648 (base 9) to base 7
101300
Convert dca (base 15) to base 14.
11c7
What is -7820 (base 9) in base 3?
-21220200
Convert -1202020111 (base 3) to base 4.
-20122012
What is 38a8 (base 16) in base 10?
14504
-a9 (base 15) to base 16
-9f
-14820 (base 10) to base 5
-433240
45257 (base 9) to base 15
8dbd
20200 (base 3) to base 15
c0
What is 11111010 (base 2) in base 4?
3322
Convert -22222 (base 3) to base 10.
-242
What is 12c0 (base 13) in base 7?
10563
8413 (base 9) to base 8
14030
What is 15352 (base 6) in base 15?
b2b
-2672 (base 10) to base 15
-bd2
3501 (base 7) to base 5
20100
What is 105304 (base 6) in base 10?
8968
Convert -744 (base 9) to base 10.
-607
523 (base 10) to base 15
24d
Convert 2390a (base 11) to base 3.
1202011010
1162 (base 8) to base 10
626
Convert 676e (base 16) to base 12.
133a6
Convert f12 (base 16) to base 15.
1223
Convert 101222202 (base 3) to base 15.
2592
-22233 (base 6) to base 5
-44432
What is 58b (base 14) in base 12?
77b
Convert -1212230 (base 4) to base 14.
-2576
Convert 4884 (base 10) to base 3.
20200220
What is 33202 (base 4) in base 9?
1324
Convert -2605 (base 11) to base 16.
-d41
-2de (base 15) to base 7
-1631
Convert 105101 (base 6) to base 12.
5191
Convert -122200200 (base 3) to base 11.
-9765
-42a (base 11) to base 4
-20010
What is 4a3 (base 15) in base 8?
2035
What is 100101010100 (base 2) in base 7?
6651
What is -3122 (base 11) in base 2?
-1000000101010
Convert 10067 (base 9) to base 10.
6622
Convert 23420 (base 6) to base 13.
1713
Convert -111144 (base 5) to base 6.
-30100
5045 (base 6) to base 16
455
-112101 (base 3) to base 8
-604
-1db2 (base 15) to base 12
-38ab
Convert 61647 (base 8) to base 5.
1304021
-3904 (base 10) to base 4
-331000
Convert 3da4 (base 16) to base 13.
724b
Convert 2122 (base 8) to base 14.
590
Convert 100323 (base 4) to base 11.
8a5
What is 2413 (base 5) in base 15?
18d
Convert -235 (base 14) to base 5.
-3224
-4860 (base 15) to base 14
-5874
What is 1100010011000111 (base 2) in base 10?
50375
Convert 1001001100 (base 2) to base 8.
1114
Convert -15b (base 13) to base 7.
-500
What is 370 (base 9) in base 15?
156
-2020221212 (base 3) to base 9
-66855
Convert -153 (base 16) to base 9.
-416
Convert -1111 (base 4) to base 2.
-1010101
-7993 (base 11) to base 8
-24414
1aa (base 13) to base 9
373
What is 5592 (base 11) in base 8?
16301
Convert -5341 (base 8) to base 5.
-42120
-440304 (base 6) to base 11
-25391
6be5 (base 15) to base 13
a598
Convert -1010122121 (base 3) to base 6.
-251241
Convert -5f4 (base 16) to base 11.
-1166
What is -10223210 (base 4) in base 5?
-1103142
What is 134024 (base 6) in base 16?
3100
Convert -104341 (base 6) to base 11.
-6656
What is 6336 (base 16) in base 15?
77d3
What is 10021 (base 3) in base 9?
107
7c (base 14) to base 9
132
What is -9714 (base 13) in base 11?
-14837
Convert 261a (base 11) to base 7.
12640
What is 14345 (base 6) in base 3?
10011002
What is 30014 (base 6) in base 13?
1a0b
Convert 9033 (base 10) to base 9.
13346
Convert -204 (base 11) to base 9.
-303
What is 12354 (base 6) in base 10?
1870
Convert 2242 (base 6) to base 11.
442
Convert -1a64 (base 13) to base 2.
-111110000001
What is -34220 (base 5) in base 11?
-1914
104121 (base 8) to base 3
1202212111
Convert 1010010000 (base 2) to base 16.
290
22002 (base 3) to base 10
218
dcb (base 15) to base 9
4242
1425 (base 6) to base 15
1a2
What is 110001100111101 (base 2) in base 6?
313341
What is -4580 (base 9) in base 8?
-6501
11010101111 (base 2) to base 16
6af
Convert 100110011100 (base 2) to base 5.
34320
-1363 (base 11) to base 16
-6e3
-513 (base 6) to base 10
-189
Convert -1a89 (base 12) to base 4.
-303021
What is 51404 (base 7) in base 14?
4804
-728 (base 13) to base 9
-1602
What is 264 (base 14) in base 15?
220
Convert -121323 (base 4) to base 11.
-1279
What is -460 (base 11) in base 3?
-202101
-3461 (base 11) to base 14
-1928
Convert 196 (base 15) to base 5.
2431
-2200202 (base 3) to base 10
-1964
32330 (base 11) to base 6
1001301
Convert 2256 (base 14) to base 8.
13504
Convert 1a4c (base 14) to base 2.
1001010100100
What is 276e (base 16) in base 2?
10011101101110
b0d6 (base 16) to base 2
1011000011010110
413430 (base 5) to base 9
20607
Convert 26544 (base 7) to base 5.
212022
Convert 23141 (base 5) to base 2.
11010000111
Convert 1a531 (base 13) to base 8.
144330
24515 (base 7) to base 11
4917
Convert 40142 (base 5) to base 15.
b4c
9793 (base 12) to base 2
100000100011111
Convert -101404 (base 7) to base 3.
-212210121
-1003 (base 4) to base 14
-4b
What is -40112 (base 5) in base 14?
-ccc
-1102243 (base 5) to base 15
-59b8
-2776 (base 16) to base 4
-2131312
Convert -11101111000 (base 2) to base 7.
-5401
What is 3fe (base 16) in base 9?
1355
What is cbe (base 15) in base 9?
3848
What is -2b49 (base 15) in base 14?
-355c
263 (base 16) to base 13
380
What is 10010000011 (base 2) in base 5?
14110
Convert -3296 (base 11) to base 2.
-1000011110100
-917 (base 14) to base 8
-3371
What is 13e7 (base 15) in base 14?
17ab
What is -111000011111011 (base 2) in base 16?
-70fb
3582 (base 16) to base 5
414243
Convert 313050 (base 6) to base 11.
18012
1aca (base 13) to base 6
30433
-815 (base 14) to base 13
-951
Convert -316 (base 13) to base 5.
-4101
-156636 (base 7) to base 14
-b51d
5717 (base 10) to base 5
140332
Convert -4679 (base 15) to base 7.
-61425
Convert -122303 (base 7) to base 14.
-8273
What is 60 (base 10) in base 12?
50
Convert 10000111101101 (base 2) to base 3.
102220200
27845 (base 9) to base 15
590e
Convert -2320 (base 7) to base 12.
-5a7
1510 (base 11) to base 3
2200010
-211 (base 12) to base 4
-10231
Convert 101111110101100 (base 2) to base 3.
1020121010
Convert -1582 (base 12) to base 11.
-1a05
Convert 75 (base 14) to base 10.
103
-1a33c (base 13) to base 4
-30132101
2001041 (base 5) to base 13
113a1
-1c33 (base 13) to base 2
-1000010101011
-202544 (base 6) to base 4
-3331000
Convert -2413 (base 5) to base 13.
-217
What is -4296 (base 11) in base 14?
-20d1
-31562 (base 8) to base 6
-140550
Convert 2bcd (base 16) to base 14.
412d
Convert 41513 (base 6) to base 9.
7600
Convert 14021 (base 5) to base 12.
7a8
What is 45c (base 16) in base 5?
13431
What is -a1 (base 13) in base 6?
-335
What is -17383 (base 9) in base 16?
-2ece
Convert -db7d (base 14) to base 8.
-112063
1360 (base 8) to base 4
23300
What is 1011110100110 (base 2) in base 16?
17a6
What is 2324 (base 5) in base 15?
179
-10212222 (base 3) to base 10
-2834
Convert 24b2 (base 16) to base 6.
111254
1a1 (base 16) to base 9
513
What is 3305 (base 6) in base 10?
761
2044 (base 7) to base 6
3154
Convert -576 (base 15) to base 12.
-870
Convert 115 (base 9) to base 5.
340
What is -1121122 (base 3) in base 8?
-2232
Convert -1d3 (base 14) to base 4.
-11331
What is 708 (base 16) in base 13?
a86
32 (base 16) to base 4
302
Convert -2120221 (base 4) to base 5.
-303034
Convert 101040 (base 5) to base 7.
12351
What is -a3b (base 15) in base 12?
-1402
Convert 133 (base 4) to base 16.
1f
What is 35d (base 16) in base 4?
31131
What is 3413 (base 10) in base 7?
12644
What is -100223 (base 4) in base 5?
-13232
11523 (base 12) to base 1